3000
Convert 2dc (base 14) to base 16.
24a
What is 310125 (base 7) in base 12?
26736
Convert -1c5 (base 16) to base 7.
-1215
704 (base 10) to base 11
590
338 (base 15) to base 13
440
cb0 (base 15) to base 10
2865
-323333 (base 4) to base 14
-1583
What is -3520 (base 11) in base 13?
-2145
Convert -11323321 (base 4) to base 9.
-36314
Convert -23516 (base 10) to base 16.
-5bdc
21123 (base 4) to base 11
4a9
Convert 8993 (base 10) to base 12.
5255
Convert 9ad2 (base 14) to base 6.
324132
Convert -12332 (base 5) to base 7.
-2551
What is -1011200111 (base 3) in base 15?
-6c9d
What is -101110110 (base 2) in base 13?
-22a
What is 1111111011000 (base 2) in base 13?
3931
35b (base 13) to base 9
717
Convert -10256 (base 14) to base 5.
-2221014
What is -15324 (base 6) in base 4?
-213010
Convert a56 (base 16) to base 14.
d70
Convert -1101001001101 (base 2) to base 10.
-6733
Convert -3571 (base 8) to base 15.
-878
3892 (base 12) to base 4
1210232
16627 (base 14) to base 15
11946
Convert f93 (base 16) to base 10.
3987
-12a6 (base 16) to base 8
-11246
-1571 (base 14) to base 16
-eef
42240 (base 5) to base 11
2134
-136 (base 13) to base 14
-114
2100102 (base 3) to base 13
a19
-20001 (base 5) to base 4
-103203
Convert 77d2 (base 16) to base 15.
914e
1e8 (base 15) to base 14
239
What is 256 (base 14) in base 7?
1236
Convert -2324401 (base 5) to base 15.
-c8bb
7647 (base 14) to base 8
47737
Convert -408 (base 14) to base 8.
-1430
Convert 204 (base 11) to base 12.
186
Convert -101100111 (base 2) to base 4.
-11213
Convert ea1 (base 15) to base 9.
4467
22000 (base 3) to base 2
11011000
What is -267b (base 13) in base 7?
-22031
-65 (base 8) to base 12
-45
Convert -43 (base 7) to base 13.
-25
Convert -446 (base 7) to base 14.
-126
What is 22120212 (base 3) in base 10?
6260
Convert -75342 (base 8) to base 5.
-2001313
1a606 (base 13) to base 8
144537
Convert -209 (base 15) to base 16.
-1cb
Convert -430 (base 10) to base 11.
-361
Convert -130131 (base 4) to base 10.
-1821
-2663 (base 7) to base 10
-1025
Convert 1649 (base 11) to base 15.
95a
What is -b9 (base 13) in base 9?
-178
What is -14 (base 5) in base 7?
-12
What is 404 (base 16) in base 13?
611
Convert 47c (base 14) to base 6.
4050
Convert 1001000110010010 (base 2) to base 3.
1220010020
What is -6322 (base 7) in base 4?
-202231
What is -126541 (base 8) in base 10?
-44385
Convert -385 (base 15) to base 8.
-1440
What is 125b (base 14) in base 12?
1a41
What is 32541 (base 9) in base 11?
15241
1102 (base 8) to base 11
486
-3873 (base 13) to base 4
-1331211
Convert -30307 (base 8) to base 9.
-18114
-1110110010010 (base 2) to base 12
-446a
2a1 (base 14) to base 3
201202
What is -455c (base 15) in base 7?
-60615
Convert -383 (base 16) to base 7.
-2423
What is -77756 (base 8) in base 7?
-164324
Convert -15367 (base 8) to base 7.
-26061
What is -403 (base 8) in base 14?
-147
Convert 11100001111100 (base 2) to base 13.
6774
Convert -1115 (base 13) to base 3.
-10021022
Convert 533a (base 15) to base 4.
10103011
-21 (base 12) to base 13
-1c
What is -12113 (base 4) in base 5?
-3112
-11121 (base 3) to base 9
-147
11101 (base 6) to base 11
1189
10003 (base 5) to base 3
212021
Convert -809b (base 16) to base 5.
-2023143
-34002 (base 9) to base 15
-6a6b
What is -1186 (base 10) in base 16?
-4a2
Convert -33145 (base 8) to base 15.
-41d5
Convert -1464 (base 12) to base 11.
-1874
-2a9 (base 12) to base 15
-1cc
What is -316 (base 13) in base 8?
-1016
What is -11c (base 14) in base 12?
-166
Convert -9081 (base 10) to base 6.
-110013
1000011001100100 (base 2) to base 9
52166
-162706 (base 8) to base 5
-3340242
-245 (base 7) to base 16
-83
Convert 23e (base 15) to base 6.
2205
What is -126 (base 13) in base 9?
-243
-11001011000000 (base 2) to base 4
-3023000
What is 31131 (base 7) in base 10?
7617
-112011 (base 4) to base 9
-1840
-3a01 (base 15) to base 4
-3001120
-5742 (base 14) to base 11
-10423
2310 (base 4) to base 6
500
What is 1002000100 (base 3) in base 13?
981c
-c8 (base 15) to base 4
-2330
-1620 (base 8) to base 7
-2442
What is 3587 (base 9) in base 13?
12a6
131413 (base 5) to base 13
24c7
What is -3432 (base 7) in base 5?
-14443
What is -c7 (base 13) in base 4?
-2203
-602 (base 7) to base 12
-208
Convert -1306 (base 7) to base 6.
-2144
-2231111 (base 4) to base 6
-123205
What is 286 (base 13) in base 5?
3243
Convert -3301323 (base 4) to base 11.
-106a6
5d9 (base 15) to base 16
531
Convert -12905 (base 10) to base 14.
-49bb
Convert 9168 (base 10) to base 4.
2033100
-1671 (base 8) to base 2
-1110111001
Convert -4401 (base 8) to base 7.
-6502
Convert -92 (base 16) to base 2.
-10010010
10320 (base 8) to base 5
114204
What is -8070 (base 9) in base 2?
-1011100000111
Convert 153 (base 8) to base 14.
79
What is -2203 (base 7) in base 5?
-11122
-120c (base 15) to base 2
-111011111101
-333a (base 14) to base 15
-2967
-390b (base 12) to base 7
-24632
5be0 (base 15) to base 12
b3a0
What is 46 (base 16) in base 2?
1000110
What is e70 (base 15) in base 10?
3255
-4f7 (base 16) to base 8
-2367
Convert 1001200100 (base 3) to base 13.
9693
What is 1100102 (base 3) in base 5?
12413
What is -3611 (base 9) in base 12?
-1677
What is 176 (base 9) in base 13?
b7
-675 (base 15) to base 13
-884
What is 8a37 (base 14) in base 9?
35773
Convert -565 (base 10) to base 15.
-27a
0 (base 5) to base 2
0
-811 (base 9) to base 7
-1630
98 (base 16) to base 13
b9
-1100000010000 (base 2) to base 16
-1810
1221111 (base 3) to base 6
10321
-12644 (base 9) to base 4
-2011201
Convert -11110010101110 (base 2) to base 7.
-63201
What is 101101111001001 (base 2) in base 7?
125335
What is 2121220 (base 3) in base 14?
9aa
-3791 (base 11) to base 8
-11514
What is -48 (base 15) in base 6?
-152
10137 (base 12) to base 9
31627
What is -10887 (base 10) in base 3?
-112221020
What is -1844 (base 12) in base 9?
-4017
-3958 (base 11) to base 6
-35453
111011011111100 (base 2) to base 9
45704
What is 2c1e (base 16) in base 2?
10110000011110
What is 121222 (base 3) in base 7?
1223
-9647 (base 11) to base 2
-11000111010100
What is 2bbd (base 15) in base 13?
4384
Convert 1654 (base 11) to base 5.
31431
What is -531 (base 9) in base 13?
-274
What is -16300 (base 12) in base 15?
-9526
Convert 21254 (base 6) to base 2.
101101100010
-3450 (base 8) to base 14
-94c
What is -221021 (base 5) in base 11?
-5812
What is 10001010110010 (base 2) in base 9?
13158
-ac (base 14) to base 6
-412
What is ad5 (base 16) in base 13?
1354
Convert 213121 (base 4) to base 8.
4731
-4353 (base 7) to base 16
-615
What is -647 (base 10) in base 3?
-212222
Convert 55277 (base 8) to base 11.
164aa
What is 12203 (base 5) in base 16?
3a0
What is -10a5 (base 16) in base 15?
-13e1
Convert 1100110011001 (base 2) to base 5.
202203
21013 (base 11) to base 6
353443
Convert -16707 (base 9) to base 13.
-5314
What is -22134 (base 5) in base 7?
-4334
Convert -3b7 (base 12) to base 11.
-47a
-31513 (base 6) to base 15
-1413
What is 505 (base 12) in base 3?
222212
What is 102 (base 12) in base 16?
92
Convert 285 (base 11) to base 10.
335
Convert 2010010 (base 3) to base 16.
606
What is 3d9 (base 14) in base 13?
47c
30204 (base 5) to base 2
11110001001
What is -100100010100101 (base 2) in base 11?
-12a77
Convert -30333223 (base 4) to base 16.
-cfeb
Convert -5462 (base 9) to base 12.
-23b5
What is 10232113 (base 4) in base 13?
8a67
-2d1 (base 14) to base 8
-1077
What is 125630 (base 7) in base 15?
700e
What is 3b3 (base 13) in base 3?
220012
Convert 44204 (base 7) to base 10.
11078
Convert -1739 (base 14) to base 2.
-1000001000111
What is -11b19 (base 13) in base 6?
-411035
Convert 2b51 (base 13) to base 6.
45131
Convert 182 (base 13) to base 9.
335
15b6a (base 12) to base 11
21360
-101000101 (base 2) to base 14
-193
-257 (base 9) to base 7
-424
Convert 9b0 (base 14) to base 4.
131332
Convert -246 (base 13) to base 11.
-330
-100101011 (base 2) to base 9
-362
Convert 100000011 (base 3) to base 9.
10004
Convert -202000 (base 4) to base 3.
-2222121
What is -2030001 (base 4) in base 14?
-33a1
-632 (base 9) to base 15
-245
What is -67d1 (base 14) in base 3?
-220201101
-214322 (base 5) to base 16
-1d26
Convert 485 (base 16) to base 13.
6b0
Convert -302463 (base 7) to base 4.
-30202110
Convert 57a (base 13) to base 6.
4214
9b7 (base 14) to 